ose 3*a + a - 312 = 0. Calculate the remainder when a is divided by l(z).
24
Suppose 2*c - 6 = -c. Calculate the remainder when (-8)/(-1) - (22 + (-646)/34) is divided by c.
1
Let t(d) = 2*d**2 - 13*d + 2. Suppose 4*j + 0*j - 28 = 0. Calculate the remainder when 34 is divided by t(j).
7
Let o = -5 + 8. Suppose -5*v + 16 = -o*y, 3*v + y - 2 = v. Suppose -5*i = -f + 78, v*f - i = -3*f + 270. Calculate the remainder when f is divided by 14.
11
Suppose 30 = -6*k - 0*k. Let m(v) = v**3 + 6*v**2 - v + 5. What is the remainder when 67 is divided by m(k)?
32
Suppose 111*x = 102*x + 261. Calculate the remainder when 50 is divided by x.
21
Suppose 105 = b + 2*b. Suppose -b = -y - 4*y. Let c(k) = k + 2. Calculate the remainder when 26 is divided by c(y).
8
Suppose -j = -2*j + 63. Let s(t) = -4*t + 29 + 2*t - 2*t + 5*t. What is the remainder when j is divided by s(-7)?
19
Suppose 7 = -4*p + 59. Suppose 0 = r + p - 40. Calculate the remainder when r is divided by 15.
12
Let f(t) = -3*t**2 + 19*t + 11. Let g = 27 - 21. Let x = 11 - 2. Calculate the remainder when f(g) is divided by x.
8
What is the remainder when 4/6*(198 + -3) + 1 is divided by 12?
11
Suppose -2*r = 2*p - 147 + 1, 2*r = p + 131. Suppose -h + 7 = -5*x - r, 3*x = 3. Let l = -28 + 55. What is the remainder when h is divided by l?
26
Suppose 0 = t + t - 74. Calculate the remainder when 40 is divided by t.
3
Let t be (22 + -20)*(-122)/4. Let b = t - -76. What is the remainder when b is divided by 10?
5
Let j(q) = -2*q**3 - 4*q**2 + 25*q + 12. Calculate the remainder when 330 is divided by j(-5).
34
Let d be 2 + 2/((-2)/(-1)). Let m = d - -22. Let b = -1840 + 1853. Calculate the remainder when m is divided by b.
12
Let w(k) = 5*k + 17. Let a be w(-4). What is the remainder when 15 - -1*0/a is divided by 6?
3
Let i be (-1)/(-2)*332 - (-1 + 5). Let a = i - 92. What is the remainder when a is divided by 24?
22
Let o(j) = 47*j + 4. Let v be o(1). Let n = -30 + v. What is the remainder when n is divided by 6?
3
Suppose 0 = 4*m - 12 - 64. What is the remainder when m is divided by (36/18)/((-2)/(-10))?
9
Suppose 140 = 43*k - 41*k. Let f be (-1)/((-3)/291*1). Suppose f = 4*g + 1. What is the remainder when k is divided by g?
22
Suppose 53*g - 2358 = 35*g. Calculate the remainder when g is divided by 32.
3
Let v be 5/((-45)/(-84)) + (-1)/3. Suppose -13*f + v*f + 44 = 0. Calculate the remainder when 20 is divided by f.
9
Let i(a) = 3*a**2 + 4*a - 5. Let j be i(6). Suppose 3*o + k = j, 7*k - 2*k + 225 = 5*o. Let v = 44 - 21. Calculate the remainder when o is divided by v.
20
Suppose 4*s = 162 - 134. Calculate the remainder when 11 is divided by s.
4
What is the remainder when (6/5)/(-1 + 228/210) is divided by 4?
2
Let c = -28 - -30. Suppose -c*x + 114 = 4*x. What is the remainder when 36 is divided by x?
17
Let f(c) = -12*c + 2*c + 3*c**2 + 24*c - 26 - 5*c. What is the remainder when f(6) is divided by 28?
24
Let l(y) = y**2 - 8*y - 7. Let j be l(9). Suppose -3*g - f + 129 = j*f, 4*g + 3*f = 170. Let p = 14 + -3. What is the remainder when g is divided by p?
8
Suppose k - 275 = -3*k - 3*m, -2*k = 4*m - 140. Suppose -2*o - 2*o = -k. What is the remainder when ((-49)/4)/(-3 - 11/(-4)) is divided by o?
15
Let n(l) = 3*l**3 + 5*l**2 - 4*l + 1. Let t be n(3). Let s = t - 60. Calculate the remainder when s is divided by 8.
7
Let j(t) = 3*t**2 + 150*t - 43. Calculate the remainder when 878 is divided by j(-51).
108
Let h(k) = -k**2 + k + 53. Let z be -4*(-3 + 1 + 69/(-12)). Calculate the remainder when h(0) is divided by -8 + (9 - (5 + -1)) + z.
25
Suppose 47 + 21 = s. Let t be s/8 + (-6)/4. Suppose -4*f + 5*f - t = 0. Calculate the remainder when f is divided by 4.
3
What is the remainder when 3927/25 - 4/50 is divided by 41?
34
Suppose -21*q + 488 + 1024 = 0. Suppose -5*v - 136 + 36 = -5*p, -5*v = -p + 40. Calculate the remainder when q is divided by p.
12
Suppose -248 = -42*f + 1180. What is the remainder when 542 is divided by f?
32
Let k = 12 + -8. Suppose d = k*r + 336, -2*d + 0*d = -4*r - 336. Let h = r - -130. Calculate the remainder when h is divided by 24.
22
Let a(h) = 2*h**2 - 11*h - 33. Let p be a(14). Let j = -108 + p. Calculate the remainder when j is divided by 20.
17
Let m(g) = g. Let l(w) = 3*w - 31. Let b(d) = -l(d) + 4*m(d). What is the remainder when 34 is divided by b(-13)?
16
Let f(k) = k**3 + 14*k**2 - 13*k + 65. Calculate the remainder when 123 is divided by f(-15).
18
Suppose 2*f - 24 = -0*f - 4*r, -f + 2*r = -4. Calculate the remainder when 39 is divided by f.
7
Let i(v) = -v**3 + 10*v**2 + 38*v - 128. What is the remainder when i(9) is divided by 3?
1
Calculate the remainder when ((-750)/9 + -7 - -1)*-6 is divided by 175.
11
Suppose -5*h = 364 - 1069. Let f = -47 - -65. Calculate the remainder when h is divided by f.
15
Let d(k) = 2*k**2 - k + 7. Let l(c) = c**3 - 23*c**2 - 23*c + 3. What is the remainder when d(5) is divided by l(24)?
25
Suppose -4*o + 22 = -2*z - 26, -2*o - 5*z + 48 = 0. Suppose -3*m = 2*x - 14 - 5, -3*x = -4*m + o. Calculate the remainder when 11 is divided by m.
1
Let k = 71 + -62. Calculate the remainder when k/(-15) + 54/15 + 3 is divided by 4.
2
Let t = 49 - 59. Let z(l) = l**2 + 8*l + 14. Calculate the remainder when 134 is divided by z(t).
32
Let g(k) = 33*k - 27. Calculate the remainder when g(6) is divided by 58.
55
Let k(q) = 202*q**3 - q**2 + 4*q - 3. Calculate the remainder when 203 is divided by k(1).
1
Let m(b) = -10*b - 39. Let o be m(-12). Suppose 5*k - 3*z - 64 = o, -k - 4*z = -52. What is the remainder when 61 is divided by k?
29
Let c = -2887 - -2920. Let d(u) = 10*u**3 + 1. Let m be d(1). Let f = 20 - m. Calculate the remainder when c is divided by f.
6
Let m(s) = -s**3 + 6*s**2 + 3*s + 40. What is the remainder when 173 is divided by m(6)?
57
Let t(b) = 42*b**3 - b**2 + b. Let k be t(1). Let x = 42 + -15. Let o = k - x. What is the remainder when 44 is divided by o?
14
Suppose -7*l = -5*l - 50. Let x(r) = r**3 - r**2 + 3. Let v be x(0). What is the remainder when 94 is divided by ((-120)/l)/(v/(-20))?
30
Let y = 375 - 316. What is the remainder when y is divided by 15?
14
Let d = 106 + -96. What is the remainder when 67 is divided by d?
7
Suppose 60 = 2*h - 132. Let w be 2/12 + 7/(-42). Suppose 0 = -4*k + 4*n + h, -4*n + w*n + 136 = 4*k. What is the remainder when 56 is divided by k?
27
Suppose 3*i - 38 = a, 0*a = 2*i + 2*a - 12. Let p(k) = k**2 + 17*k - 15. What is the remainder when i is divided by p(-18)?
2
Let m = 631 - 550. What is the remainder when 152 is divided by m?
71
Let q = 15 - 9. Suppose 2*h = q*h - 5*r - 136, -2*h + 2*r = -70. Calculate the remainder when h is divided by 10.
9
Suppose 15*w = 26*w - 396. Calculate the remainder when w is divided by 5.
1
Suppose 20*m - 17*m - 216 = 0. Suppose -8*a - m = -16*a. What is the remainder when 71 is divided by a?
8
Let b(a) = a**2 - 16*a + 63. Let x be b(10). Let h = x + 81. What is the remainder when h is divided by 31?
22
Let l(r) = r**3 - 12*r**2 - 8*r - 24. Let f be l(13). Let g = -28 + f. Calculate the remainder when 23 is divided by g.
10
What is the remainder when 3325/56 + 15/(-40) is divided by 38?
21
Let h be (-5)/(-3)*(5 + -2). Suppose h*a = a + 208. Calculate the remainder when a is divided by 18.
16
Suppose -5*b + 2*i = -17, -3*b + 7 = -i - 4. Let x be b/1*(0 + 1). Suppose -4 = -t + 3*a + 6, 0 = 3*t - x*a - 34. What is the remainder when t is divided by 5?
3
Let q(x) = x**3 + 4*x**2 - 3*x + 6. Let i be q(-5). Calculate the remainder when (10/6)/((-1)/(-42)) is divided by (-32)/(-2) - i - 2.
16
Suppose 3*f + 3*p - 456 = -27, 567 = 4*f + 5*p. Let q = -126 + f. Calculate the remainder when 84 - (-1 - -1 - 1) is divided by q.
19
Calculate the remainder when 16 - (-3 + 30/5 - 5) is divided by 11.
7
What is the remainder when (455/15)/13*9 is divided by 12?
9
Let x = -157 - -199. What is the remainder when 144 is divided by x?
18
Suppose 200 + 907 = 27*d. Calculate the remainder when 321 is divided by d.
34
Let m = 765 - 716. Calculate the remainder when m is divided by 3.
1
Let f = -473 + 494. What is the remainder when 157 is divided by f?
10
Let a be 56/(-42)*3/(-2). Suppose -68 = 3*z + a*y - 202, 5*y - 62 = -z. Calculate the remainder when z is divided by 22.
20
Suppose 2